{"id":29,"date":"2024-06-09T23:03:38","date_gmt":"2024-06-09T23:03:38","guid":{"rendered":"https:\/\/jeannesaadepalombo.com.mx\/?page_id=29"},"modified":"2024-09-22T05:10:55","modified_gmt":"2024-09-22T05:10:55","slug":"prensa","status":"publish","type":"page","link":"https:\/\/jeannesaadepalombo.com.mx\/eng\/prensa\/","title":{"rendered":"Prensa"},"content":{"rendered":"<style>.kadence-column29_23f1d2-6a > .kt-inside-inner-col{display:flex;}.kadence-column29_23f1d2-6a{max-width:80%;margin-left:auto;margin-right:auto;}.wp-block-kadence-column.kb-section-dir-horizontal:not(.kb-section-md-dir-vertical)>.kt-inside-inner-col>.kadence-column29_23f1d2-6a{-webkit-flex:0 1 80%;flex:0 1 80%;max-width:unset;margin-left:unset;margin-right:unset;}.kadence-column29_23f1d2-6a > .kt-inside-inner-col{padding-top:10%;padding-bottom:5%;}.kadence-column29_23f1d2-6a > .kt-inside-inner-col{min-height:100vh;}.kadence-column29_23f1d2-6a > .kt-inside-inner-col,.kadence-column29_23f1d2-6a > .kt-inside-inner-col:before{border-top-left-radius:0px;border-top-right-radius:0px;border-bottom-right-radius:0px;border-bottom-left-radius:0px;}.kadence-column29_23f1d2-6a > .kt-inside-inner-col{column-gap:var(--global-kb-gap-sm, 1rem);}.kadence-column29_23f1d2-6a > .kt-inside-inner-col{flex-direction:column;justify-content:flex-start;}.kadence-column29_23f1d2-6a > .kt-inside-inner-col > .aligncenter{width:100%;}.kt-row-column-wrap > .kadence-column29_23f1d2-6a{align-self:flex-start;}.kt-inner-column-height-full:not(.kt-has-1-columns) > .wp-block-kadence-column.kadence-column29_23f1d2-6a{align-self:auto;}.kt-inner-column-height-full:not(.kt-has-1-columns) > .wp-block-kadence-column.kadence-column29_23f1d2-6a > .kt-inside-inner-col{flex-direction:column;justify-content:flex-start;}.kadence-column29_23f1d2-6a > .kt-inside-inner-col:before{opacity:0.3;}.kadence-column29_23f1d2-6a{position:relative;}@media all and (min-width: 1025px){.wp-block-kadence-column.kb-section-dir-horizontal>.kt-inside-inner-col>.kadence-column29_23f1d2-6a{-webkit-flex:0 1 80%;flex:0 1 80%;max-width:unset;margin-left:unset;margin-right:unset;}}@media all and (max-width: 1024px){.kt-row-column-wrap > .kadence-column29_23f1d2-6a{align-self:flex-start;}}@media all and (max-width: 1024px){.kt-inner-column-height-full:not(.kt-has-1-columns) > .wp-block-kadence-column.kadence-column29_23f1d2-6a{align-self:auto;}}@media all and (max-width: 1024px){.kt-inner-column-height-full:not(.kt-has-1-columns) > .wp-block-kadence-column.kadence-column29_23f1d2-6a > .kt-inside-inner-col{flex-direction:column;justify-content:flex-start;}}@media all and (max-width: 1024px){.kadence-column29_23f1d2-6a > .kt-inside-inner-col{flex-direction:column;justify-content:flex-start;}}@media all and (max-width: 767px){.kadence-column29_23f1d2-6a > .kt-inside-inner-col{padding-top:10%;padding-bottom:10%;flex-direction:column;justify-content:flex-start;}.kt-row-column-wrap > .kadence-column29_23f1d2-6a{align-self:flex-start;}.kt-inner-column-height-full:not(.kt-has-1-columns) > .wp-block-kadence-column.kadence-column29_23f1d2-6a{align-self:auto;}.kt-inner-column-height-full:not(.kt-has-1-columns) > .wp-block-kadence-column.kadence-column29_23f1d2-6a > .kt-inside-inner-col{flex-direction:column;justify-content:flex-start;}.wp-block-kadence-column.kb-section-sm-dir-vertical:not(.kb-section-sm-dir-horizontal):not(.kb-section-sm-dir-specificity)>.kt-inside-inner-col>.kadence-column29_23f1d2-6a{max-width:80%;-webkit-flex:1;flex:1;margin-left:auto;margin-right:auto;}}<\/style>\n<div class=\"wp-block-kadence-column kadence-column29_23f1d2-6a\"><div class=\"kt-inside-inner-col\"><style>.kb-row-layout-id29_2c6783-b4 > .kt-row-column-wrap{align-content:start;}:where(.kb-row-layout-id29_2c6783-b4 > .kt-row-column-wrap) > .wp-block-kadence-column{justify-content:start;}.kb-row-layout-id29_2c6783-b4 > .kt-row-column-wrap{column-gap:var(--global-kb-gap-md, 2rem);row-gap:var(--global-kb-gap-md, 2rem);grid-template-columns:repeat(2, minmax(0, 1fr));}.kb-row-layout-id29_2c6783-b4 > .kt-row-layout-overlay{opacity:0.30;}@media all and (max-width: 1024px){.kb-row-layout-id29_2c6783-b4 > .kt-row-column-wrap{grid-template-columns:repeat(2, minmax(0, 1fr));}}@media all and (max-width: 767px){.kb-row-layout-id29_2c6783-b4 > .kt-row-column-wrap{grid-template-columns:minmax(0, 1fr);}}<\/style><div class=\"kb-row-layout-wrap kb-row-layout-id29_2c6783-b4 alignnone wp-block-kadence-rowlayout\"><div class=\"kt-row-column-wrap kt-has-2-columns kt-row-layout-equal kt-tab-layout-inherit kt-mobile-layout-row kt-row-valign-top\">\n<style>.kadence-column29_443e35-f0 > .kt-inside-inner-col{padding-top:0px;padding-bottom:0px;}.kadence-column29_443e35-f0 > .kt-inside-inner-col,.kadence-column29_443e35-f0 > .kt-inside-inner-col:before{border-top-left-radius:0px;border-top-right-radius:0px;border-bottom-right-radius:0px;border-bottom-left-radius:0px;}.kadence-column29_443e35-f0 > .kt-inside-inner-col{column-gap:var(--global-kb-gap-sm, 1rem);}.kadence-column29_443e35-f0 > .kt-inside-inner-col{flex-direction:column;}.kadence-column29_443e35-f0 > .kt-inside-inner-col > .aligncenter{width:100%;}.kadence-column29_443e35-f0 > .kt-inside-inner-col:before{opacity:0.3;}.kadence-column29_443e35-f0{position:relative;}@media all and (max-width: 1024px){.kadence-column29_443e35-f0 > .kt-inside-inner-col{flex-direction:column;justify-content:center;}}@media all and (max-width: 767px){.kadence-column29_443e35-f0 > .kt-inside-inner-col{flex-direction:column;justify-content:center;}}<\/style>\n<div class=\"wp-block-kadence-column kadence-column29_443e35-f0 pdfmenu\"><div class=\"kt-inside-inner-col\">\n<p><strong>ART\u00cdCULOS PDF<\/strong><\/p>\n\n\n<style>.kadence-column29_84948e-ad > .kt-inside-inner-col{display:flex;}.kadence-column29_84948e-ad > .kt-inside-inner-col,.kadence-column29_84948e-ad > .kt-inside-inner-col:before{border-top-left-radius:0px;border-top-right-radius:0px;border-bottom-left-radius:0px;}.kadence-column29_84948e-ad > .kt-inside-inner-col{column-gap:var(--global-kb-gap-sm, 1rem);}.kadence-column29_84948e-ad > .kt-inside-inner-col{flex-direction:column;justify-content:flex-end;}.kadence-column29_84948e-ad > .kt-inside-inner-col > .aligncenter{width:100%;}.kt-row-column-wrap > .kadence-column29_84948e-ad{align-self:flex-end;}.kt-inner-column-height-full:not(.kt-has-1-columns) > .wp-block-kadence-column.kadence-column29_84948e-ad{align-self:auto;}.kt-inner-column-height-full:not(.kt-has-1-columns) > .wp-block-kadence-column.kadence-column29_84948e-ad > .kt-inside-inner-col{flex-direction:column;justify-content:flex-end;}.kadence-column29_84948e-ad > .kt-inside-inner-col:before{opacity:0.3;}.kadence-column29_84948e-ad{position:relative;}@media all and (max-width: 1024px){.kt-row-column-wrap > .kadence-column29_84948e-ad{align-self:flex-end;}}@media all and (max-width: 1024px){.kt-inner-column-height-full:not(.kt-has-1-columns) > .wp-block-kadence-column.kadence-column29_84948e-ad{align-self:auto;}}@media all and (max-width: 1024px){.kt-inner-column-height-full:not(.kt-has-1-columns) > .wp-block-kadence-column.kadence-column29_84948e-ad > .kt-inside-inner-col{flex-direction:column;justify-content:flex-end;}}@media all and (max-width: 1024px){.kadence-column29_84948e-ad > .kt-inside-inner-col{flex-direction:column;justify-content:flex-end;}}@media all and (max-width: 767px){.kt-row-column-wrap > .kadence-column29_84948e-ad{align-self:flex-end;}.kt-inner-column-height-full:not(.kt-has-1-columns) > .wp-block-kadence-column.kadence-column29_84948e-ad{align-self:auto;}.kt-inner-column-height-full:not(.kt-has-1-columns) > .wp-block-kadence-column.kadence-column29_84948e-ad > .kt-inside-inner-col{flex-direction:column;justify-content:flex-end;}.kadence-column29_84948e-ad > .kt-inside-inner-col{flex-direction:column;justify-content:flex-end;}}<\/style>\n<div class=\"wp-block-kadence-column kadence-column29_84948e-ad pdfarticulos\"><div class=\"kt-inside-inner-col\">\n<p class=\"prensa-block\"><a href=\"https:\/\/jeannesaadepalombo.com.mx\/wp-content\/uploads\/2024\/06\/casa_del_tiempo_eIV_num17_17_21.pdf\"><em>M\u00e1scara o masacre. Las sevicias (in)voluntarias de Jeanne Saade Palombo<\/em><br><strong>Por Sylvia Navarrete<br><em>Casa del tiempo<\/em><br>2009<\/strong><\/a><\/p>\n<\/div><\/div>\n<\/div><\/div>\n\n\n<style>.kadence-column29_54b3e6-1d > .kt-inside-inner-col,.kadence-column29_54b3e6-1d > .kt-inside-inner-col:before{border-top-left-radius:0px;border-top-right-radius:0px;border-bottom-right-radius:0px;border-bottom-left-radius:0px;}.kadence-column29_54b3e6-1d > .kt-inside-inner-col{column-gap:var(--global-kb-gap-sm, 1rem);}.kadence-column29_54b3e6-1d > .kt-inside-inner-col{flex-direction:column;}.kadence-column29_54b3e6-1d > .kt-inside-inner-col > .aligncenter{width:100%;}.kadence-column29_54b3e6-1d > .kt-inside-inner-col:before{opacity:0.3;}.kadence-column29_54b3e6-1d{position:relative;}@media all and (max-width: 1024px){.kadence-column29_54b3e6-1d > .kt-inside-inner-col{flex-direction:column;justify-content:center;}}@media all and (max-width: 767px){.kadence-column29_54b3e6-1d > .kt-inside-inner-col{flex-direction:column;justify-content:center;}}<\/style>\n<div class=\"wp-block-kadence-column kadence-column29_54b3e6-1d\"><div class=\"kt-inside-inner-col\"><\/div><\/div>\n\n<\/div><\/div>\n\n<style>.kb-row-layout-id29_f27859-9f > .kt-row-column-wrap{align-content:start;}:where(.kb-row-layout-id29_f27859-9f > .kt-row-column-wrap) > .wp-block-kadence-column{justify-content:start;}.kb-row-layout-id29_f27859-9f > .kt-row-column-wrap{column-gap:var(--global-kb-gap-lg, 4rem);row-gap:var(--global-kb-gap-lg, 4rem);padding-top:var(--global-kb-spacing-sm, 1.5rem);padding-bottom:var(--global-kb-spacing-sm, 1.5rem);grid-template-columns:minmax(0, calc(50% - ((var(--global-kb-gap-lg, 4rem) * 1 )\/2)))minmax(0, calc(50% - ((var(--global-kb-gap-lg, 4rem) * 1 )\/2)));}.kb-row-layout-id29_f27859-9f > .kt-row-layout-overlay{opacity:0.30;}@media all and (max-width: 1024px){.kb-row-layout-id29_f27859-9f > .kt-row-column-wrap{grid-template-columns:repeat(2, minmax(0, 1fr));}}@media all and (max-width: 767px){.kb-row-layout-id29_f27859-9f > .kt-row-column-wrap{grid-template-columns:minmax(0, 1fr);}}<\/style><div class=\"kb-row-layout-wrap kb-row-layout-id29_f27859-9f alignnone wp-block-kadence-rowlayout\"><div class=\"kt-row-column-wrap kt-has-2-columns kt-row-layout-equal kt-tab-layout-inherit kt-mobile-layout-row kt-row-valign-top\">\n<style>.kadence-column29_295232-5b > .kt-inside-inner-col{padding-right:2%;}.kadence-column29_295232-5b > .kt-inside-inner-col,.kadence-column29_295232-5b > .kt-inside-inner-col:before{border-top-left-radius:0px;border-top-right-radius:0px;border-bottom-right-radius:0px;border-bottom-left-radius:0px;}.kadence-column29_295232-5b > .kt-inside-inner-col{column-gap:var(--global-kb-gap-sm, 1rem);}.kadence-column29_295232-5b > .kt-inside-inner-col{flex-direction:column;}.kadence-column29_295232-5b > .kt-inside-inner-col > .aligncenter{width:100%;}.kadence-column29_295232-5b > .kt-inside-inner-col:before{opacity:0.3;}.kadence-column29_295232-5b{position:relative;}@media all and (max-width: 1024px){.kadence-column29_295232-5b > .kt-inside-inner-col{flex-direction:column;justify-content:center;}}@media all and (max-width: 767px){.kadence-column29_295232-5b > .kt-inside-inner-col{flex-direction:column;justify-content:center;}}<\/style>\n<div class=\"wp-block-kadence-column kadence-column29_295232-5b prensa-block\"><div class=\"kt-inside-inner-col\">\n<p><a aria-label=\"Laberintos EspiritualesPor Dafne MedinaPulso. Diario de San Luis2022LINK (opens in a new tab)\" class=\"ek-link\" href=\"https:\/\/pulsoslp.com.mx\/cultura\/laberintos-espirituales-\/1553275\" target=\"_blank\" rel=\"noreferrer noopener\"><em>Laberintos espirituales<\/em><br><strong>Por Dafne Medina<br><em>Pulso. Diario de San Luis<\/em><br>2022<\/strong><\/a><\/p>\n\n\n\n<p><\/p>\n\n\n\n<p><a aria-label=\"Recorrido a medios de comunicaci\u00f3n de la exposici\u00f3n Laberintos espirutuales de Jeanne Saade Palombo en el Museo Federico SilvaSecretar\u00eda de Cultura de San Luis Potos\u00edLINK (opens in a new tab)\" class=\"ek-link\" href=\"https:\/\/www.facebook.com\/watch\/live\/?ref=watch_permalink&amp;v=1747486145586309\" target=\"_blank\" rel=\"noreferrer noopener\">Recorrido a medios de comunicaci\u00f3n de la exposici\u00f3n <em>Laberintos espirituales<\/em> de Jeanne Saade Palombo en el Museo Federico Silva<br><strong>Secretar\u00eda de Cultura de San Luis Potos\u00ed<br>2002<\/strong><\/a><\/p>\n\n\n\n<p><\/p>\n\n\n\n<p><a aria-label=\"Jeanne Saade y lo femenino m\u00e1s all\u00e1 del cuerpo.Por Luis Ignacio Sa\u00ednzEl Heraldo de M\u00e9xicoLINK (opens in a new tab)\" class=\"ek-link\" href=\"https:\/\/heraldodemexico.com.mx\/opinion\/2023\/9\/13\/jeanne-saade-lo-femenino-mas-alla-del-cuerpo-537984.html\" target=\"_blank\" rel=\"noreferrer noopener\"><em>Jeanne Saade y lo femenino m\u00e1s all\u00e1 del cuerpo<br><\/em><strong>Por Luis Ignacio S\u00e1inz<br><em>El Heraldo de M\u00e9xico<\/em><br>2023<\/strong><\/a><\/p>\n\n\n\n<p><\/p>\n<\/div><\/div>\n\n\n<style>.kadence-column29_eaef19-d0 > .kt-inside-inner-col,.kadence-column29_eaef19-d0 > .kt-inside-inner-col:before{border-top-left-radius:0px;border-top-right-radius:0px;border-bottom-right-radius:0px;border-bottom-left-radius:0px;}.kadence-column29_eaef19-d0 > .kt-inside-inner-col{column-gap:var(--global-kb-gap-sm, 1rem);}.kadence-column29_eaef19-d0 > .kt-inside-inner-col{flex-direction:column;}.kadence-column29_eaef19-d0 > .kt-inside-inner-col > .aligncenter{width:100%;}.kadence-column29_eaef19-d0 > .kt-inside-inner-col:before{opacity:0.3;}.kadence-column29_eaef19-d0{position:relative;}@media all and (max-width: 1024px){.kadence-column29_eaef19-d0 > .kt-inside-inner-col{flex-direction:column;justify-content:center;}}@media all and (max-width: 767px){.kadence-column29_eaef19-d0 > .kt-inside-inner-col{flex-direction:column;justify-content:center;}}<\/style>\n<div class=\"wp-block-kadence-column kadence-column29_eaef19-d0\"><div class=\"kt-inside-inner-col\">\n<p class=\"prensa-block-top\"><a aria-label=\"Para nada decir de autorretratos (A partir de Jeanne Saade PalomboPor Francisco Hern\u00e1ndezRevista de la Universidad de M\u00e9xico2007LINK (opens in a new tab)\" class=\"ek-link\" href=\"https:\/\/www.revistadelauniversidad.mx\/articles\/c83c092c-957c-4d1e-9552-7d00779e7fc7\/para-nada-decir-de-autorretratos-(a-partir-de-seis-autorretratos-de-jeanne-saade-palombo)\" target=\"_blank\" rel=\"noreferrer noopener\"><em>Para nada decir de autorretratos (A partir de seis autorretratos de Jeanne Saade Palombo)<br><\/em><strong>Por Francisco Hern\u00e1ndez<br><em>Revista de la Universidad de M\u00e9xico<\/em><br>2007<\/strong><\/a><\/p>\n\n\n\n<p><\/p>\n\n\n\n<p><a href=\"https:\/\/slp.gob.mx\/secult\/Paginas\/diciembre%202022\/DOS-PROPUESTAS-ESCULT%C3%93RICAS-LLENAS-DE-CONTEMPORANEIDAD.aspx\" target=\"_blank\" rel=\"noreferrer noopener\"><em>Dos propuestas escult\u00f3ricas llenas de contemporaneidad<br><\/em><strong>Secretar\u00eda de Cultura de San Luis Potos\u00ed<br>2022<\/strong><\/a><\/p>\n\n\n\n<p><\/p>\n\n\n\n<p><a href=\"https:\/\/youtu.be\/lgvVg36oJKU\" target=\"_blank\" rel=\"noreferrer noopener\"><em>Po\u00e9ticas pict\u00f3ricas a la distancia: ARTE\/BILLETE\/MACULATURA\/REFINES\/DISE\u00d1O<br><\/em><strong>Museo del Banco de M\u00e9xico<br>2022<\/strong><\/a><\/p>\n<\/div><\/div>\n\n<\/div><\/div><\/div><\/div>","protected":false},"excerpt":{"rendered":"<p>ART\u00cdCULOS PDF M\u00e1scara o masacre. Las sevicias (in)voluntarias de Jeanne Saade PalomboPor Sylvia NavarreteCasa del tiempo2009 Laberintos espiritualesPor Dafne MedinaPulso. Diario de San Luis2022 Recorrido a medios de comunicaci\u00f3n de la exposici\u00f3n Laberintos espirituales de Jeanne Saade Palombo en el Museo Federico SilvaSecretar\u00eda de Cultura de San Luis Potos\u00ed2002 Jeanne Saade y lo femenino m\u00e1s <a href=\"https:\/\/jeannesaadepalombo.com.mx\/eng\/prensa\/\" class=\"more-link\">&#8230;<span class=\"screen-reader-text\">  Prensa<\/span><\/a><\/p>","protected":false},"author":1,"featured_media":0,"parent":0,"menu_order":0,"comment_status":"closed","ping_status":"closed","template":"","meta":{"_editorskit_title_hidden":false,"_editorskit_reading_time":0,"_editorskit_is_block_options_detached":false,"_editorskit_block_options_position":"{}","footnotes":""},"class_list":["post-29","page","type-page","status-publish","hentry"],"_links":{"self":[{"href":"https:\/\/jeannesaadepalombo.com.mx\/eng\/wp-json\/wp\/v2\/pages\/29","targetHints":{"allow":["GET"]}}],"collection":[{"href":"https:\/\/jeannesaadepalombo.com.mx\/eng\/wp-json\/wp\/v2\/pages"}],"about":[{"href":"https:\/\/jeannesaadepalombo.com.mx\/eng\/wp-json\/wp\/v2\/types\/page"}],"author":[{"embeddable":true,"href":"https:\/\/jeannesaadepalombo.com.mx\/eng\/wp-json\/wp\/v2\/users\/1"}],"replies":[{"embeddable":true,"href":"https:\/\/jeannesaadepalombo.com.mx\/eng\/wp-json\/wp\/v2\/comments?post=29"}],"version-history":[{"count":41,"href":"https:\/\/jeannesaadepalombo.com.mx\/eng\/wp-json\/wp\/v2\/pages\/29\/revisions"}],"predecessor-version":[{"id":1829,"href":"https:\/\/jeannesaadepalombo.com.mx\/eng\/wp-json\/wp\/v2\/pages\/29\/revisions\/1829"}],"wp:attachment":[{"href":"https:\/\/jeannesaadepalombo.com.mx\/eng\/wp-json\/wp\/v2\/media?parent=29"}],"curies":[{"name":"wp","href":"https:\/\/api.w.org\/{rel}","templated":true}]}}